s of 197635887.
3, 53, 414331
List the prime factors of 110186245.
5, 13, 31, 149, 367
What are the prime factors of 58879924?
2, 379, 38839
What are the prime factors of 1059099221?
31, 34164491
List the prime factors of 1104515470.
2, 5, 110451547
What are the prime factors of 291368751?
3, 9049, 10733
What are the prime factors of 2186444021?
163, 13413767
List the prime factors of 2659881699.
3, 181, 544277
List the prime factors of 25161886.
2, 12580943
List the prime factors of 1345520628.
2, 3, 37375573
What are the prime factors of 126437261?
126437261
List the prime factors of 731960589.
3, 277, 880819
List the prime factors of 53148886.
2, 7, 3796349
List the prime factors of 161386101.
3, 23, 86627
What are the prime factors of 2141250949?
823, 2601763
What are the prime factors of 427116844?
2, 7, 11, 41, 149, 227
List the prime factors of 253044681.
3, 661, 127607
List the prime factors of 287365125.
3, 5, 37, 139, 149
List the prime factors of 4168059132.
2, 3, 271, 1281691
List the prime factors of 129485719.
11, 17, 409, 1693
What are the prime factors of 607645244?
2, 67, 149, 15217
What are the prime factors of 14698527?
3, 67, 73127
What are the prime factors of 1510805129?
43, 557, 63079
List the prime factors of 3397026355.
5, 679405271
List the prime factors of 179049350.
2, 5, 19, 188473
List the prime factors of 2001390187.
53, 79, 478001
List the prime factors of 378194527.
5009, 75503
List the prime factors of 108478835.
5, 21695767
What are the prime factors of 3369366981?
3, 374374109
What are the prime factors of 976720950?
2, 3, 5, 137, 5281
List the prime factors of 338790373.
607, 558139
List the prime factors of 12400365.
3, 5, 37, 22343
List the prime factors of 3471931955.
5, 31, 22399561
What are the prime factors of 67044740?
2, 5, 7, 37, 43
List the prime factors of 2295416645.
5, 459083329
What are the prime factors of 324215866?
2, 13, 23, 542167
What are the prime factors of 23083134?
2, 3, 347, 11087
What are the prime factors of 162842804?
2, 181, 224921
What are the prime factors of 11517881?
11517881
What are the prime factors of 78191260?
2, 5, 7, 23, 3469
What are the prime factors of 650463357?
3, 216821119
List the prime factors of 117512494.
2, 11, 103, 51859
What are the prime factors of 3867542316?
2, 3, 11, 361723
List the prime factors of 560557622.
2, 37, 7575103
List the prime factors of 1096068259.
11, 13, 589601
What are the prime factors of 11796667?
11796667
List the prime factors of 336796871.
157, 953, 2251
What are the prime factors of 916050493?
5189, 176537
List the prime factors of 216058043.
2803, 77081
List the prime factors of 149580565.
5, 29916113
List the prime factors of 931527501.
3, 310509167
What are the prime factors of 343464396?
2, 3, 11, 17, 153059
List the prime factors of 3137823.
3, 13, 2063
What are the prime factors of 107995575?
3, 5, 43, 33487
List the prime factors of 324831234.
2, 3, 7, 13, 594929
List the prime factors of 391702467.
3, 13, 269, 37337
What are the prime factors of 359121953?
359121953
List the prime factors of 879896347.
11, 3793, 21089
List the prime factors of 476347194.
2, 3, 2417, 10949
What are the prime factors of 43498351?
13, 937, 3571
What are the prime factors of 6792225040?
2, 5, 211, 402383
What are the prime factors of 780341374?
2, 390170687
List the prime factors of 4803116028.
2, 3, 400259669
What are the prime factors of 25442274?
2, 3, 11, 13, 2281
List the prime factors of 30687265.
5, 7, 53, 71, 233
List the prime factors of 151669367.
2591, 58537
What are the prime factors of 83814998?
2, 17, 43, 57329
List the prime factors of 169071698.
2, 17, 59, 89, 947
What are the prime factors of 10895273?
10895273
List the prime factors of 984855002.
2, 2843, 173207
What are the prime factors of 4339513318?
2, 7, 309965237
What are the prime factors of 44483837?
271, 164147
What are the prime factors of 980588024?
2, 13, 19, 59, 647
List the prime factors of 399661308.
2, 3, 11101703
List the prime factors of 1160470391.
19, 3019, 20231
List the prime factors of 355234191.
3, 13, 9108569
What are the prime factors of 196329836?
2, 4261, 11519
What are the prime factors of 31624377?
3, 307, 34337
List the prime factors of 155416548.
2, 3, 7, 991, 1867
What are the prime factors of 1676624096?
2, 7, 29, 258101
List the prime factors of 734704940.
2, 5, 47, 781601
What are the prime factors of 29565436?
2, 2503, 2953
What are the prime factors of 123972621?
3, 41324207
List the prime factors of 1491928077.
3, 21011, 23669
What are the prime factors of 316501469?
349, 906881
List the prime factors of 2346333466.
2, 37, 31707209
List the prime factors of 207353430.
2, 3, 5, 2303927
What are the prime factors of 3100537176?
2, 3, 11, 73, 160883
What are the prime factors of 3722946772?
2, 25439, 36587
What are the prime factors of 310294204?
2, 11, 7052141
List the prime factors of 35708337.
3, 7, 188933
List the prime factors of 1761032029.
631, 2790859
List the prime factors of 10398016.
2, 17, 19, 503
What are the prime factors of 2516824513?
7, 3203, 112253
List the prime factors of 134537466.
2, 3, 7, 3203273
What are the prime factors of 344855344?
2, 21553459
List the prime factors of 58063441.
463, 125407
List the prime factors of 83977077.
3, 27992359
What are the prime factors of 86001054?
2, 3, 14333509
List the prime factors of 2161776328.
2, 1063, 254207
List the prime factors of 17487091.
137, 127643
List the prime factors of 6720594.
2, 3, 857, 1307
What are the prime factors of 237739526?
2, 17, 6992339
What are the prime factors of 101826429?
3, 97, 349919
What are the prime factors of 958680012?
2, 3, 43, 197, 9431
What are the prime factors of 1933394568?
2, 3, 7, 787, 2089
What are the prime factors of 38458534?
2, 19229267
List the prime factors of 197096094.
2, 3, 13, 842291
What are the prime factors of 5790789245?
5, 1158157849
What are the prime factors of 3690468?
2, 3, 34171
What are the prime factors of 50788337?
50788337
List the prime factors of 7184012984.
2, 109, 75583
List the prime factors of 1470703155.
3, 5, 98046877
List the prime factors of 32583475.
5, 17, 76667
List the prime factors of 249306660.
2, 3, 5, 23, 6691
What are the prime factors of 1426054700?
2, 5, 7, 29, 70249
List the prime factors of 89942082.
2, 3, 487, 30781
List the prime factors of 975491242.
2, 11, 44340511
What are the prime factors of 329651526?
2, 3, 29, 59, 163, 197
What are the prime factors of 71236762?
2, 41, 868741
What are the prime factors of 3267709383?
3, 17, 23, 181, 15391
List the prime factors of 1200499749.
3, 191, 698371
What are the prime factors of 106040054?
2, 2753, 19259
List the prime factors of 418401806.
2, 61, 3429523
What are the prime factors of 1755291228?
2, 3, 281, 520549
What are the prime factors of 469533166?
2, 17, 13809799
What are the prime factors of 131983036?
2, 17, 71, 27337
List the prime factors of 284073671.
7, 89, 455977
What are the prime factors of 19013071?
7, 11, 246923
List the prime factors of 3146583991.
41, 76745951
What are the prime factors of 1779885117?
3, 83, 503, 1579
What are the prime factors of 486675655?
5, 401, 242731
What are the prime factors of 129505338?
2, 3, 2398247
List the prime factors of 863011698.
2, 3, 17, 8460899
What are the prime factors of 287285345?
5, 57457069
List the prime factors of 52631017.
52631017
List the prime factors of 2261094334.
2, 347, 1009, 3229
What are the prime factors of 1320757302?
2, 3, 17, 12948601
What are the prime factors of 90007786?
2, 11, 23, 103, 157
List the prime factors of 597202174.
2, 298601087
List the prime factors of 1190429631.
3, 132269959
List the prime factors of 7505129167.
72103, 104089
List the prime factors of 153861115.
5, 1493, 20611
List the prime factors of 222069355.
5, 1499, 29629
What are the prime factors of 3688140884?
2, 922035221
What are the prime factors of 824249706?
2, 3, 7, 59, 139, 2393
List the prime factors of 427910147.
7, 23, 757, 3511
List the prime factors of 127972075.
5, 7, 11, 9497
What are the prime factors of 76022411?
79, 962309
List the prime factors of 7514365806.
2, 3, 17, 24556751
What are the prime factors of 58228232?
2, 37, 196717
List the prime factors of 9